by 17256?
36
Calculate the remainder when 31142663 is divided by 7.
6
What is the remainder when 14916259 is divided by 465?
454
Calculate the remainder when 2100160383 is divided by 194.
191
Calculate the remainder when 835768 is divided by 2211.
10
Calculate the remainder when 16246784 is divided by 72.
56
What is the remainder when 80987653 is divided by 1085?
1083
Calculate the remainder when 114762 is divided by 218.
94
Calculate the remainder when 21301210 is divided by 254.
8
Calculate the remainder when 404806 is divided by 2.
0
What is the remainder when 88553 is divided by 2480?
1753
What is the remainder when 586063 is divided by 980?
23
Calculate the remainder when 2475933 is divided by 1011.
1005
What is the remainder when 503976 is divided by 1249?
629
Calculate the remainder when 907535 is divided by 453605.
325
Calculate the remainder when 3894831 is divided by 3894809.
22
What is the remainder when 2078997 is divided by 135?
132
Calculate the remainder when 246472 is divided by 193.
11
What is the remainder when 4881666 is divided by 610207?
10
Calculate the remainder when 2354313 is divided by 392381.
27
What is the remainder when 1924213 is divided by 3207?
13
Calculate the remainder when 31817401 is divided by 2965.
2951
Calculate the remainder when 5200352 is divided by 12.
8
What is the remainder when 100095 is divided by 5281?
5037
What is the remainder when 1459103 is divided by 13145?
8
What is the remainder when 1630028 is divided by 342?
56
What is the remainder when 1689943122 is divided by 3895?
3892
Calculate the remainder when 739299 is divided by 521.
0
What is the remainder when 166705331 is divided by 95?
91
Calculate the remainder when 15705679 is divided by 36.
31
Calculate the remainder when 1355143 is divided by 12.
7
What is the remainder when 4098827 is divided by 1485?
227
What is the remainder when 267670 is divided by 17800?
670
What is the remainder when 11568748 is divided by 37?
32
Calculate the remainder when 5945438 is divided by 697.
28
What is the remainder when 1859954 is divided by 2569?
2567
What is the remainder when 11352118 is divided by 22?
8
What is the remainder when 23986458 is divided by 13022?
12956
Calculate the remainder when 494345306 is divided by 279.
272
Calculate the remainder when 5190110 is divided by 1038018.
20
Calculate the remainder when 82934 is divided by 1218.
110
What is the remainder when 12172363 is divided by 4?
3
Calculate the remainder when 3482002 is divided by 94108.
6
What is the remainder when 40397 is divided by 8024?
277
What is the remainder when 3309103 is divided by 274?
5
What is the remainder when 17441 is divided by 16976?
465
Calculate the remainder when 359497 is divided by 3784.
17
Calculate the remainder when 16083903 is divided by 3846.
3777
Calculate the remainder when 590091 is divided by 65561.
42
Calculate the remainder when 1085596 is divided by 29340.
16
Calculate the remainder when 384104 is divided by 42.
14
What is the remainder when 258990856 is divided by 21?
19
What is the remainder when 3830372 is divided by 137?
126
Calculate the remainder when 33148473 is divided by 1913.
9
Calculate the remainder when 4823690 is divided by 41.
40
Calculate the remainder when 1246570 is divided by 1466.
470
Calculate the remainder when 830355 is divided by 3880.
35
What is the remainder when 347058 is divided by 726?
30
What is the remainder when 342527 is divided by 113893?
848
What is the remainder when 576222 is divided by 14717?
2259
What is the remainder when 105385173 is divided by 35?
33
Calculate the remainder when 319460 is divided by 24437.
1779
What is the remainder when 167577292 is divided by 75?
67
What is the remainder when 5891 is divided by 1138?
201
What is the remainder when 1761447 is divided by 542?
489
What is the remainder when 9301902 is divided by 1466?
132
What is the remainder when 771859 is divided by 13783?
11
What is the remainder when 787245 is divided by 5179?
37
Calculate the remainder when 306320 is divided by 698.
596
Calculate the remainder when 3822783 is divided by 1273988.
819
What is the remainder when 4019274 is divided by 394?
80
What is the remainder when 936257 is divided by 4255?
157
Calculate the remainder when 684021 is divided by 5757.
4695
What is the remainder when 211379 is divided by 52810?
139
What is the remainder when 365247479 is divided by 386?
383
What is the remainder when 8219638 is divided by 82196?
38
Calculate the remainder when 2585102 is divided by 3752.
3726
Calculate the remainder when 812449 is divided by 1069.
9
What is the remainder when 2195168 is divided by 2195164?
4
Calculate the remainder when 6015840 is divided by 6015806.
34
Calculate the remainder when 376319 is divided by 124322.
3353
Calculate the remainder when 19451627 is divided by 15.
2
What is the remainder when 29075813 is divided by 38?
37
Calculate the remainder when 14204142 is divided by 3551012.
94
What is the remainder when 234906 is divided by 3011?
48
Calculate the remainder when 222837 is divided by 6261.
3702
What is the remainder when 11469316 is divided by 1042?
22
What is the remainder when 44473977 is divided by 1367?
1366
Calculate the remainder when 7069 is divided by 3531.
7
Calculate the remainder when 5918454 is divided by 4.
2
What is the remainder when 162525 is divided by 3256?
2981
Calculate the remainder when 152631 is divided by 16398.
5049
What is the remainder when 488638 is divided by 10849?
433
Calculate the remainder when 54342999 is divided by 50.
49
Calculate the remainder when 65198871 is divided by 185.
61
Calculate the remainder when 1011944 is divided by 5216.
40
Calculate the remainder when 3306299 is divided by 334.
33
Calculate the remainder when 84737172 is divided by 57410.
12
What is the remainder when 4581588 is divided by 218154?
354
Calculate the remainder when 22027647 is divided by 893.
16
Calculate the remainder when 9289042 is divided by 55.
37
What is the remainder when 30123783 is divided by 24?
15
What is the remainder when 31256049 is divided by 1197?
1182
Calculate the remainder when 1533299 is divided by 452.
115
What is the remainder when 71687761 is divided by 658?
635
What is the remainder when 49121 is divided by 7662?
3149
Calculate the remainder when 68775 is divided by 6876.
15
Calculate the remainder when 89766871 is divided by 12.
7
Calculate the remainder when 365929318 is divided by 224.
6
What is the remainder when 1931198 is divided by 13994?
26
What is the remainder when 7090513 is divided by 2363276?
685
What is the remainder when 1383 is divided by 206?
147
What is the remainder when 960575 is divided by 233?
149
Calculate the remainder when 175810 is divided by 35099.
315
What is the remainder when 573105 is divided by 1288?
1233
What is the remainder when 159978471 is divided by 9799?
9796
Calculate the remainder when 50359681 is divided by 261.
253
What is the remainder when 10576391 is divided by 1762731?
5
What is the remainder when 92672036 is divided by 1911?
2
Calculate the remainder when 108544 is divided by 2525.
2494
Calculate the remainder when 22985 is divided by 5446.
1201
Calculate the remainder when 129083 is divided by 2116.
7
Calculate the remainder when 181671864 is divided by 128390.
14
Calculate the remainder when 137402961 is divided by 6245589.
3
What is the remainder when 3059918 is divided by 1529957?
4
Calculate the remainder when 55442 is divided by 27428.
586
What is the remainder when 10234 is divided by 2695?
2149
What is the remainder when 225760 is divided by 985?
195
What is the remainder when 541393673 is divided by 1325?
1323
What is the remainder when 33215942 is divided by 1435?
1432
What is the remainder when 55946302 is divided by 405?
7
What is the remainder when 1514088 is divided by 17401?
201
Calculate the remainder when 1298248 is divided by 1305.
1078
Calculate the remainder when 8526420 is divided by 332.
328
What is the remainder when 3138793 is divided by 255?
253
Calculate the remainder when 8880748 is divided by 634338.
16
Calculate the remainder when 88610 is divided by 880.
610
What is the remainder when 1084531 is divided by 26?
19
What is the remainder when 1196709 is divided by 5645?